)?
-1
Let o be 7 - (3 - (1 + -2)). Let v(q) = q**3 - 2*q**2 + q - 2. What is v(o)?
10
Let x(a) = -a**3 + 5*a**2 + 3*a - 5. Let o = -1 - -3. Suppose 4*c = -o*f - 0*c + 14, 3*f - 5*c = 10. What is x(f)?
10
Let p(g) = -4*g**3 - g + 4. Let z(o) = 5*o**3 + o**2 + 2*o - 5. Let w(s) = 6*p(s) + 5*z(s). Let b be w(-4). Let q(k) = 6*k**3 + k. Determine q(b).
-7
Let o = -17 + 53. Let n be (-2)/(-5) - o/15. Let j(r) = -r**3 - r + 1. Let q(k) = 2*k**3 + 4*k - 5. Let m(c) = 3*j(c) + q(c). What is m(n)?
4
Let h(t) = 2*t**2 - 4*t + 2. Suppose -v = 5*p - 12, 0*p - 5*p = -3*v - 4. Determine h(p).
2
Let p(k) = -k**3 + 2*k**2 + 4*k + 1. Let v(u) = u**3 - u**2 - 3*u - 1. Let n(g) = -2*p(g) - 3*v(g). Let b = 13 - 9. Suppose -b*h + 2*h = 0. Determine n(h).
1
Let a be 26/(-26)*(-4)/1. Let k(w) be the first derivative of -3 - 1/3*w**3 + 3*w**2 - a*w. Determine k(5).
1
Let x(z) = z**3 + 2*z**2 + 3*z + 1. Let b(o) = 2*o**3 + 4*o**2 + 6*o + 2. Let s(v) = -4*b(v) + 9*x(v). Let w = -6 + 4. Determine s(w).
-5
Let b(f) be the first derivative of -f**4/4 + 4*f**3/3 + 7*f**2/2 - f + 8. What is b(5)?
9
Let b(p) = p**3 + 2*p**2 + p + 1. Suppose -w - 1 = -4. Let z = -5 + w. Give b(z).
-1
Let r(y) be the third derivative of y**4/24 - y**3/6 - 44*y**2. Let u(c) = -c**3 + 9*c**2 + c - 5. Let q be u(9). Determine r(q).
3
Suppose 5*a - 22 = -7. Let f(t) be the second derivative of -5/2*t**2 + 3*t + 1/2*t**a + 0. Determine f(5).
10
Suppose -3*g + 5*c = 2, 2*g + 14 = g + 5*c. Let k(y) = y - 10. Calculate k(g).
-4
Suppose 2*f = -2*f - 4. Let h(x) = -x. Let y(g) be the third derivative of g**4/12 + g**2. Let r(u) = -3*h(u) - 2*y(u). Calculate r(f).
1
Let t(h) = h + 2. Let n(p) = p**2 + 11*p - 4. Let a be n(-12). Let k(f) = f**2 - 10*f + 9. Let r be k(a). Determine t(r).
-5
Let k(h) be the first derivative of -3*h + 3*h**2 - 1/3*h**3 + 3. Give k(4).
5
Suppose -5*k = 15 + 10. Suppose d - 5*d + 12 = 0. Let s(t) = -6*t - d*t - t**2 + 2*t - 5. What is s(k)?
5
Let g(x) be the first derivative of -x**4/2 + 2*x**3/3 + 3*x**2/2 - 4*x + 3. Let c(h) = 4*h**3 - 4*h**2 - 5*h + 7. Let k(p) = 4*c(p) + 7*g(p). Determine k(1).
1
Suppose 0 = 5*u + 4*c - 2 - 7, u - 13 = 2*c. Let t(d) be the second derivative of 2*d + 0 + 0*d**2 - 5/6*d**3 - 1/20*d**5 + 1/2*d**4. Calculate t(u).
0
Let c(j) = j**2 - 8*j + 14. Let g(d) = -1. Let z(v) = -c(v) - 6*g(v). Let r be z(7). Let l(y) = 10*y**3 - 2*y**2 + 1. Give l(r).
-11
Let q(g) = g**3 - 7*g**2 + 7*g - 9. Suppose -2*i - 1 = -13. Calculate q(i).
-3
Let b(o) be the second derivative of -o**4/12 - 5*o**3/6 + 3*o**2/2 - 6*o. Calculate b(-5).
3
Let y(w) be the first derivative of w**2/2 + 4*w - 1. Let x = -13 - -16. Give y(x).
7
Let n = 44 - 31. Suppose -n*s = -15*s + 8. Let f(y) = y**2 - 6*y + 2*y**2 - 2 - s*y**2. Calculate f(-5).
3
Let s be 4/(2 + 1 + -1). Suppose -26 = -5*w - 6. Let o(j) = -7*j + w*j**2 + 4 - 3*j**s + 2*j. What is o(4)?
0
Let d(p) be the third derivative of -p**5/60 + 7*p**4/24 - p**3 + 2*p**2. Let k be d(6). Let a(u) = k + 0*u**3 + u**3 - u - 5*u**2 + 6. Calculate a(5).
1
Let y(x) = x**2 + 8*x - 7. Let d = -51 - -42. What is y(d)?
2
Let f(q) = -q**2 - 6*q + 8. Let j be f(-6). Suppose -j*d = -3*d. Let o(y) = y**2 - y + 4. Give o(d).
4
Let v be 2/11 + (-60)/(-33). Let t(w) = -w**2 + 1 - w**2 + 0*w**v. Let y(a) = a + 1. Let c be y(-3). Determine t(c).
-7
Let l be 2/(1*(-4)/10). Let d(h) = -h**3 - 5*h**2 + 3*h + 6. What is d(l)?
-9
Let b(a) = -2*a + 0*a + 2*a**3 + a**2 + 5*a**2 - a**3 - 5. Let z = -6 + 0. Calculate b(z).
7
Let l(o) = 13*o - 15*o + 2 + o. Determine l(7).
-5
Let t(v) = 3*v**3 - v + 4. Let p(w) = -2*w**3 - w**2 + w - 3. Let x(j) = 4*p(j) + 3*t(j). Let r = 8 - 16. Let m be ((-3)/2)/(4/r). Determine x(m).
-6
Let h(q) = -5*q - 2*q - q - 4*q - 5. Let g(x) = 8*x + 3. Let l(a) = 7*g(a) + 5*h(a). Give l(-4).
12
Let u be 4 + -2 + (0 - 0). Let b(x) = 2*x + 1 - 2*x**2 + 5*x**2 - x**3 + 2 + 0*x**u. Give b(3).
9
Let o(j) = -3*j**2 + j - 1. Let l(t) = 7*t**2 - 3*t + 1. Let b(c) = 2*l(c) + 5*o(c). Let q(w) be the first derivative of b(w). Calculate q(-2).
3
Let r be 12/(-3) + (-6 - -10). Let z(g) = g**3 + g**2 + g + 12. Calculate z(r).
12
Let t(x) be the third derivative of -x**5/60 - x**4/6 - x**3/6 - 7*x**2. Calculate t(-5).
-6
Let v(n) be the third derivative of -n**6/120 + n**5/15 - n**4/8 - 3*n**2. What is v(3)?
0
Let m(h) = -h**3 - 5*h**2 - 4*h + 2. Let d be m(-4). Let y(c) = -6*c + c**3 - c + 2*c + 2 - 1 + 3*c**d. Let r(l) = -l - 4. Let z be r(0). What is y(z)?
5
Let z = -65/3 - -22. Let a(w) be the first derivative of 2 + 1/2*w**2 - z*w**3 + w. Calculate a(0).
1
Suppose 3*i - 2*f - 11 = 3, 6 = 2*i - 3*f. Let k(y) = 2*y - 5. Determine k(i).
7
Let s(l) = 5*l**2 - 3. Suppose -4*r + 7*q - 4*q = -4, 12 = 3*q. Let i(h) = 4*h**2 + h - 2. Let z(j) = r*i(j) - 3*s(j). What is z(-5)?
6
Let v(w) be the second derivative of w**5/20 + 5*w**4/12 - 7*w**3/6 - 3*w**2 - 2*w. Calculate v(-6).
0
Suppose 0 = 2*a - 3*x - 741, -x - x + 388 = a. Let y(c) = -a + 378 - c. What is y(-2)?
2
Let s(t) = -t**2 - t. Let g(u) = 3*u**2 + 3*u. Let w(b) = -2*g(b) - 7*s(b). Let j(n) = -n**2 - 2*n. Let q be j(-2). What is w(q)?
0
Let o(w) be the first derivative of w**2/2 + 6*w + 4. Let z be o(-5). Let g(m) = -12*m**3 - m. What is g(z)?
-13
Let z(g) = g**3 - g**2 - 12*g - 8. Let w(y) = -y**3 + 2*y**2 + 13*y + 9. Let k(v) = -6*w(v) - 7*z(v). Determine k(-6).
2
Let i = 70 - 71. Let v(n) = 5*n**3 - n**2 - n - 1. Determine v(i).
-6
Let p(a) = -a**2 + 6*a + 18. Let c be p(9). Let k(l) = -l**3 - 8*l**2 + 9*l - 12. Give k(c).
-12
Let m(i) = 36*i**3 + 21*i**2 + i + 16. Let j(n) = 7*n**3 + 4*n**2 + 3. Let k(o) = -11*j(o) + 2*m(o). Suppose -3 = -h - 2. Give k(h).
-6
Let r(t) be the second derivative of -t**3/6 + 39*t. Determine r(3).
-3
Let g(o) = -o. Let k(i) = -i + 1. Let w(n) = -8*n + 10. Let h(j) = k(j) - w(j). Let t(x) = -6*g(x) - h(x). Determine t(4).
5
Suppose -12 = k + 5*p, 24 = 4*k - p - 12. Suppose 2*y - k = -0*y. Let t(j) = -4*j - 2. Let n(o) = 13*o + 7. Let d(i) = -2*n(i) - 7*t(i). Determine d(y).
8
Let b(k) = -4*k**2 + 4*k - 25. Let m(n) = 3*n**2 - 3*n + 17. Let d(x) = -5*b(x) - 7*m(x). Calculate d(0).
6
Let t(j) = -2*j**3 - 6*j**2 - 5*j - 3. Let v(i) = i**3 - i**2 - i. Let s(r) = t(r) + v(r). Suppose 6*g + 26 + 10 = 0. What is s(g)?
-3
Let g(y) be the second derivative of y**3/6 + 21*y. Suppose 2 = 2*b - 0. Suppose -2*z - b = 3. What is g(z)?
-2
Suppose 0 = 6*s - s - 35. Let n(a) = -a**3 + 6*a**2 + 8*a - 4. Give n(s).
3
Let k(c) be the first derivative of -c**4/12 - 2*c**3/3 + 3*c**2/2 - c - 3. Let t(z) be the first derivative of k(z). Calculate t(-4).
3
Let o(w) = 15*w**3 - 10*w**2 + 3*w + 11. Let y(k) = -7*k**3 + 5*k**2 - k - 5. Let v(x) = 6*o(x) + 13*y(x). Determine v(6).
-5
Suppose l - 21 = 4*l. Let z = l + 17. Let w = z + -15. Let r(f) = f**2 + 3*f - 4. Calculate r(w).
6
Let o(t) = -t + 3. Let c be o(-7). Suppose -2*p = 3*p. Suppose -2*j = -p*j - c. Let v(d) = 2*d - 6. What is v(j)?
4
Let a(s) = 8 - 1 + 3*s - 3. Let w be (-50)/(-18) + 10/45. Suppose -12 = 7*j - w*j. Calculate a(j).
-5
Let m(q) = -q**2 + 6*q + 14. Let r be m(8). Let n(x) be the third derivative of x**2 - 1/24*x**4 - 1/2*x**3 + 0 + 0*x. Give n(r).
-1
Suppose -4*g = -7*g + 3. Let b(w) = 2*w**2. What is b(g)?
2
Let z(f) = -1 - f + 2*f + 2. Let j be (-60)/(-40) - 1/(-2). Give z(j).
3
Let y(j) = -2*j**2 + 1 + 2*j + j**3 + 2*j - 11*j**2 + 7*j**2. Let c be ((-20)/(-6))/((-2)/(-3)). Give y(c).
-4
Let g(d) = -d + 1. Suppose 3*p - 2 - 10 = 0. Let u = 6 - p. Suppose 0*t + 5*t + 31 = u*s, -s - 12 = 3*t. What is g(t)?
6
Let c(r) = -r**2 - 8*r - 6. Let w be c(-7). Let x(p) = -p**2 + 3*p - 1. What is x(w)?
1
Let r(m) = -m. Let k(n) = -n**2 - 15*n + 2. Let j(v) = k(v) - 5*r(v). Give j(-10).
2
Let x = -5 - -3. Let d(g) = 8 + 2*g**3 + 2*g**2 + g - 7 - 2*g. Determine d(x).
-5
Let n be (4/6)/(4/(-12)). Let h(d) = d**3 - d**2 - 2*d - 1. What is h(n)?
-9
Let h(x) = -x + 3. Suppose -c - 42 = -2*j - 3*c, -41 = -j - 5*c. Suppose 2*b = -j + 6. Determine h(b).
8
Let x be -2*(0 - (-21)/(-6)). Let u = -3 + x. Let z(y) = -5 + 1 + 2 + 6*y + 7 - y**2. Calculate z(u).
13
Let q(o) be the third derivative of o**7/5040 + o**6/720 - o**5/30 + o**2. Let l(z) be the third derivative of q(z). Let u = -302 - -306. Determine l(u).
5
Let q(c) = -c